{"id":43,"date":"2017-02-04T13:27:27","date_gmt":"2017-02-04T12:27:27","guid":{"rendered":"http:\/\/grundschule-wohra.de\/info\/?page_id=43"},"modified":"2025-06-10T22:14:42","modified_gmt":"2025-06-10T20:14:42","slug":"das-team","status":"publish","type":"page","link":"https:\/\/grundschule-wohra.de\/info\/wir-ueber-uns\/das-team\/","title":{"rendered":"Das Team"},"content":{"rendered":"\n<h3>Schuljahr 2024\/25<\/h3>\n\n\n\n<figure class=\"wp-block-image size-large\"><img loading=\"lazy\" width=\"1024\" height=\"731\" src=\"https:\/\/grundschule-wohra.de\/info\/wp-content\/uploads\/2024\/11\/IMG_2347-1024x731.jpg\" alt=\"\" class=\"wp-image-1843\" srcset=\"https:\/\/grundschule-wohra.de\/info\/wp-content\/uploads\/2024\/11\/IMG_2347-1024x731.jpg 1024w, https:\/\/grundschule-wohra.de\/info\/wp-content\/uploads\/2024\/11\/IMG_2347-300x214.jpg 300w, https:\/\/grundschule-wohra.de\/info\/wp-content\/uploads\/2024\/11\/IMG_2347-768x548.jpg 768w, https:\/\/grundschule-wohra.de\/info\/wp-content\/uploads\/2024\/11\/IMG_2347-1536x1096.jpg 1536w, https:\/\/grundschule-wohra.de\/info\/wp-content\/uploads\/2024\/11\/IMG_2347-2048x1461.jpg 2048w\" sizes=\"(max-width: 1024px) 100vw, 1024px\" \/><\/figure>\n\n\n\n<p><strong>Unser Team im Schuljahr 2024\/25 besteht aus: <\/strong><\/p>\n\n\n\n<p>Oliver Heyer, Francesca Schlicher-Freidhof, Kristine Bartelme\u00df, Christine Siebert, Lukas Brauschke (Lehrkr\u00e4fte)<\/p>\n\n\n\n<p>Cordula Letmade (Lehrkraft und Sozialp\u00e4dagogin im FLEX)<\/p>\n\n\n\n<p>Pfarrer Friedemann Grass<\/p>\n\n\n\n<p>Michaela Vielhaber, Niels D\u00f6bbeling  (Lehrkr\u00e4fte mit besonderen Aufgaben, BFZ)<\/p>\n\n\n\n<p>Jasmin Hinkelmann (FSJ)<\/p>\n\n\n\n<p>Nicole Otto, Kerstin Schubert, Nimet Coscun, Miriam Debus (Teilhabeassistenz)<\/p>\n\n\n\n<p>Gaby Stehl (Sekretariat)<\/p>\n\n\n\n<p>Dieter Fischer (Hausmeister)<\/p>\n\n\n\n<p>Stephan Wenzel, Jeannine Mattheis, Martina Freidhof, Pia Meye (Betreuung)<\/p>\n\n\n\n<p>und Anette Zinser <\/p>\n","protected":false},"excerpt":{"rendered":"<p>Schuljahr 2024\/25 Unser Team im Schuljahr 2024\/25 besteht aus: Oliver Heyer, Francesca Schlicher-Freidhof, Kristine Bartelme\u00df, Christine Siebert, Lukas Brauschke (Lehrkr\u00e4fte) Cordula Letmade (Lehrkraft und Sozialp\u00e4dagogin im FLEX) Pfarrer Friedemann Grass Michaela Vielhaber, Niels D\u00f6bbeling (Lehrkr\u00e4fte mit besonderen Aufgaben, BFZ) Jasmin Hinkelmann (FSJ) Nicole Otto, Kerstin Schubert, Nimet Coscun, Miriam Debus (Teilhabeassistenz) Gaby Stehl (Sekretariat) Dieter <a class=\"more-link\" href=\"https:\/\/grundschule-wohra.de\/info\/wir-ueber-uns\/das-team\/\">weiterlesen&#8230;<\/a><\/p>\n","protected":false},"author":1,"featured_media":0,"parent":13,"menu_order":10,"comment_status":"closed","ping_status":"closed","template":"","meta":{"ngg_post_thumbnail":0},"_links":{"self":[{"href":"https:\/\/grundschule-wohra.de\/info\/wp-json\/wp\/v2\/pages\/43"}],"collection":[{"href":"https:\/\/grundschule-wohra.de\/info\/wp-json\/wp\/v2\/pages"}],"about":[{"href":"https:\/\/grundschule-wohra.de\/info\/wp-json\/wp\/v2\/types\/page"}],"author":[{"embeddable":true,"href":"https:\/\/grundschule-wohra.de\/info\/wp-json\/wp\/v2\/users\/1"}],"replies":[{"embeddable":true,"href":"https:\/\/grundschule-wohra.de\/info\/wp-json\/wp\/v2\/comments?post=43"}],"version-history":[{"count":42,"href":"https:\/\/grundschule-wohra.de\/info\/wp-json\/wp\/v2\/pages\/43\/revisions"}],"predecessor-version":[{"id":1850,"href":"https:\/\/grundschule-wohra.de\/info\/wp-json\/wp\/v2\/pages\/43\/revisions\/1850"}],"up":[{"embeddable":true,"href":"https:\/\/grundschule-wohra.de\/info\/wp-json\/wp\/v2\/pages\/13"}],"wp:attachment":[{"href":"https:\/\/grundschule-wohra.de\/info\/wp-json\/wp\/v2\/media?parent=43"}],"curies":[{"name":"wp","href":"https:\/\/api.w.org\/{rel}","templated":true}]}}